-150666)/(-6) + -4?
25087
Let g(s) = 158*s - 315*s + 160*s + 15. Let o be g(0). List the prime factors of (o - 5)*(-1)/(-4)*86.
5, 43
Let r = 83370 + -49935. What are the prime factors of r?
3, 5, 743
Let j = -92 - -95. Suppose -7*n = -j*n + 6*n. Suppose -2*y - 43 + 339 = n. List the prime factors of y.
2, 37
Let a be (4 + (-8562)/12)*2. Let q = a + 2350. What are the prime factors of q?
7, 19
Suppose 34583 = -62*d + 64*d - 5*l, -51903 = -3*d - 2*l. What are the prime factors of d?
17299
Let v = 12681 - -1945. What are the prime factors of v?
2, 71, 103
Suppose -22 = -9*p + 32. Suppose 11*y - p*y = 5*s + 2440, -2*y + 976 = 4*s. List the prime factors of y.
2, 61
Suppose 5*b + 109 - 149 = 0. Suppose 0 = b*a + 2*a - 6160. What are the prime factors of a?
2, 7, 11
Suppose 0 = 43*w + 2*w - 17415. Let a = w + 56. What are the prime factors of a?
443
Let z(d) = 3*d + 32. Let r be z(-8). List the prime factors of 6/r + 6*580/96.
37
Let t be (10/8)/(14/112). Let k be -5 - 5/(t/(-6)). What are the prime factors of -38*(10/6 + k)*6?
2, 19
Let w(m) = 2*m**2 - 47*m + 74. Let v be w(23). What are the prime factors of (v/5 + -1)/(22/1430)?
2, 13, 23
Suppose 2*t - 1511 = 5*t - 8867. List the prime factors of t.
2, 613
Let q(b) be the first derivative of 37*b**3/3 - 24*b + 9. Let o be q(4). Suppose -2*k + 10 = 0, -k - k + o = 3*a. What are the prime factors of a?
2, 3, 31
Suppose q + 12319 = z - 10014, z - 22325 = -q. What are the prime factors of z?
3, 827
What are the prime factors of (0 - 2)/((-112)/1674568) - (-2 + -2)?
3, 3323
Suppose -151154 = -4*h + s, 113379 = 3*h + 29*s - 32*s. What are the prime factors of h?
29, 1303
Let g(h) = 2*h**2 + 31*h - 160. Let p = 59 + -97. List the prime factors of g(p).
2, 5, 31
Let p be (-3 + 1)/(-2)*(4 + 1). Suppose 0 = -9*x + 4*x - y - 8, -4*x + p*y = 18. Let z(n) = -9*n**3 + 4*n**2 + n - 3. List the prime factors of z(x).
83
Let k(f) = -2*f**2 - 6*f + 737. Let m(x) = -x - 32. Let y be m(-32). List the prime factors of k(y).
11, 67
Suppose -4*k + 4*u + 124 = 0, 4*u + 157 = 2*k + 3*k. Let j = k + -26. Suppose 0 = 2*d - j*z + 9*z - 162, -5*z = -3*d + 219. List the prime factors of d.
2, 3, 13
Let o(y) = -6*y - 3. Let t be o(-4). Suppose 0 = 3*h + t - 195. List the prime factors of h.
2, 29
Suppose -5*z + 5*v + 30 = 0, 4*v - 12 = -3*z - 2*z. Let j = -944 - -1163. Suppose z*n - j = n. List the prime factors of n.
73
Suppose 5*l - 64995 = 3*m, -81*m + 82*m - 39011 = -3*l. What are the prime factors of l?
2, 3, 11, 197
Let p(b) = b**3 + 22*b**2 + 22*b + 22. Let t be p(-21). What are the prime factors of (t/((-4)/(-4)))/((-1)/(-161))?
7, 23
Suppose 7*o = 4*o. Let i be (-2 + (-3)/2)*(-290)/145. Suppose o*p - 203 = -i*p. What are the prime factors of p?
29
Suppose -2*j + 28818 = -x, -46698 = -3*j + x - 3470. List the prime factors of j.
2, 5, 11, 131
Suppose 97*l - 87227 = 57594. What are the prime factors of l?
1493
Suppose 17*b - 237206 = 280070. List the prime factors of b.
2, 7607
Suppose -163 = -o - 15. Let b = -20 + o. What are the prime factors of b?
2
Suppose -18*r + 21*r + 2*u - 43993 = 0, -4*r + 58704 = -4*u. What are the prime factors of r?
14669
Let w(i) = -158*i + 13. Let x = -155 - -153. List the prime factors of w(x).
7, 47
Let b(c) = -3*c**3 + 21*c**2 + 54*c - 1. Let w be -13 - -11 - (-6)/(-2). What are the prime factors of b(w)?
17, 37
Suppose 26*g = 25*g + 899. Suppose 0 = 5*d + b - 6299, b = -4*d + 4141 + g. List the prime factors of d.
1259
Let r(z) = 39*z - 12. Let x be r(8). Let m = x + -452. What are the prime factors of ((-144)/(-32))/((-6)/m)?
2, 3, 19
Suppose -4*f = 296 - 3988. Suppose 0 = 927*r - f*r - 1184. What are the prime factors of r?
2, 37
Suppose -10*w = 23 + 7. What are the prime factors of 1 - w - (-4545)/9?
509
Let p(y) = 2*y**3 - 3*y**2 - 2*y. Let m be p(-1). Let a(o) = 22*o**2 - 7*o + 1. Let d be a(m). List the prime factors of -2 + (d/(-6))/((-26)/117).
163
What are the prime factors of ((-6438)/(-9) - -1)/((-520)/105 + 5)?
7, 307
Let b(n) = 2273*n**3 - 3*n**2 + 21*n - 42. What are the prime factors of b(2)?
2, 7, 11, 59
Let d = 338 - -904. Let i = d - -87. What are the prime factors of i?
3, 443
Let d be (-3)/6*1/((-2)/20). Suppose 933 = 3*f - 0*g + 4*g, -1244 = -4*f + d*g. List the prime factors of f.
311
Let g = -83 + 106. Let s be g*3 + (2 - 6)*1. Suppose 3*p - 5*h - s = -2*p, -p - h = -13. List the prime factors of p.
13
Suppose 0 = -96*v + 4*v + 629556. List the prime factors of v.
3, 2281
Let z(i) = -i**3 + 29*i**2 - 68*i + 1. List the prime factors of z(25).
3, 89
Let p be (-5)/(75/288)*-135. Suppose 0 = -7*y + 54 + p. Suppose 3*k - 5*f = y, k + 4*f + 381 = 4*k. What are the prime factors of k?
131
Let q be 2 - 2/(-5 - -3). Let n be -3 + 1 + 0 + q. List the prime factors of 4 + (-9)/n*-4.
2, 5
Suppose 3*r - 27 = -3*a, 2*a - 3*a = 4*r - 15. Let n be (-90)/((a - 4)/3). Let s = n - -165. What are the prime factors of s?
3, 5
What are the prime factors of ((-22)/(-14) - 1) + (-8427)/1113 - -27523?
2, 3, 2293
Let v(i) be the third derivative of i**5/60 + i**4/24 - 5*i**3/6 + i**2. Let d(s) = 16*s**2 - 27*s. Let j be d(2). List the prime factors of v(j).
3, 5, 7
Let i = 57 - 136. Let q = i - -453. List the prime factors of q.
2, 11, 17
Suppose -3*h + 20 = 7*h. Let o(a) = 46*a**3 + 4*a**2 - 5*a + 4. List the prime factors of o(h).
2, 3, 7
Let w(j) = 3*j + 239. Let o(d) = 4*d + 358. Let x(h) = 5*o(h) - 7*w(h). Let u be 2/(-10) + (-207)/(-1035). List the prime factors of x(u).
3, 13
Suppose -82*z + 167058 = 69*z - 133*z. What are the prime factors of z?
9281
Let c be 135 + (25/6 - 2/12). Let y = -135 + c. Suppose -h + 120 = b, -3*h - 480 = -y*b - 2*h. List the prime factors of b.
2, 3, 5
Let c(w) = 190*w**2 - 6*w - 5. Let a be (-88)/56 + 8/14. What are the prime factors of c(a)?
191
Let b = -13494 + 21127. Let y be (1 + -2)/((-17)/b). Suppose y - 77 = 6*q. What are the prime factors of q?
2, 31
Let m = -3335 + 10964. What are the prime factors of m?
3, 2543
Let w(l) = -l - 267. Let t be w(0). Let u = -390 - t. Let z = 177 + u. List the prime factors of z.
2, 3
Let c be -52*1 + 0/(-7). Let w = c + 52. Suppose -3*y - 4*b + 421 = w, -2*y + 2*b = 3*y - 667. What are the prime factors of y?
3, 5
Let a(f) be the second derivative of 59*f**3/3 + 104*f**2 + 55*f. What are the prime factors of a(15)?
2, 23, 43
Suppose 32*n = -0*n - 12*n + 431552. List the prime factors of n.
2, 613
Let l = 4672 + -1410. What are the prime factors of l?
2, 7, 233
Suppose -160*n + 391616 = 51*n. List the prime factors of n.
2, 29
Let g = 123 + -89. Suppose 2*v - g = -4*l, 5*l - 9*l = -4. What are the prime factors of v?
3, 5
Let g = 16260 - 6807. What are the prime factors of g?
3, 23, 137
Let k(l) = l**3 + 30*l**2 + 36*l + 7. Let d be k(-29). Let a = -26 - d. List the prime factors of a.
2, 5, 17
Suppose 4*b - 70003 = 5*m, 35*b + 87505 = 40*b - 5*m. List the prime factors of b.
2, 3, 2917
Suppose 4*q - 73841 = 3*i - 13123, -2*q + 2*i + 30362 = 0. What are the prime factors of q?
5, 607
Suppose 7*d + 76922 = -9*p + 14*p, 5*d = -2*p + 30722. List the prime factors of p.
2, 31
Let y(l) = 408*l - 403. What are the prime factors of y(50)?
19997
Suppose 6*r + r = 63. Suppose -21*q + r = -18*q. What are the prime factors of (22 - -1) + -4 + q?
2, 11
Let h(c) be the second derivative of 26*c**3/3 + 46*c**2 - 137*c. What are the prime factors of h(21)?
2, 37
Let t be (10/14)/((-6)/(-42)). Suppose 0 = t*s + 4*b - 3243, -3*s + 3*b - 899 = -2834. What are the prime factors of s?
647
Let i(u) be the second derivative of -13*u**3/3 - 27*u**2/2 - 44*u. List the prime factors of i(-11).
7, 37
Let l = -52 - -61. Suppose 2*h - 140 = -2*g, -6*h - 141 = -2*g - l*h. What are the prime factors of g?
3, 23
Suppose -10*u + 7*u + 1049 = 2*m, -5*u + 1780 = -3*m. Let c = u - 122. What are the prime factors of c?
3, 7, 11
Suppose 0 = 18*r + 3*r + 441. List the prime factors of (-21)/((-10)/((-3010)/r)).
7, 43
What are the prime factors of (10322 - 25) + -19 + 6?
2, 3, 857
Let o(l) = -12*l - 587. Let w(g) = 49*g + 2343. Let j(k) = -18*o(k) - 4*w(k). List the prime factors of j(0).
2, 3, 199
Suppose -2*g - 1283 = -1293, 15191 = 3*w - 5*g. List the prime factors of w.
2, 317
Let f be -640 - ((-28)/(-4) + -3). Let n = f + 1209. List the pri